n base 11, what is 4a4 + 0?
4a4
In base 7, what is 2624 - -4?
2631
In base 7, what is -166 - -4?
-162
In base 2, what is 1000111101 + -100?
1000111001
In base 9, what is 3 + -4817?
-4814
In base 4, what is -20 + -11?
-31
In base 12, what is 3 + 11?
14
In base 13, what is -50b - -4?
-507
In base 15, what is -4e - -12?
-3c
In base 12, what is 0 - -291?
291
In base 7, what is -1 + -62?
-63
In base 12, what is 1 - -18?
19
In base 3, what is -221 - -1?
-220
In base 2, what is -101111 + -11100101?
-100010100
In base 3, what is 11 + 1002?
1020
In base 3, what is 210 - 100222?
-100012
In base 12, what is 4 + -b2b?
-b27
In base 2, what is 11 + 110010111?
110011010
In base 14, what is -5 - -2c?
27
In base 15, what is 4 + -2b?
-27
In base 15, what is -3 - 119?
-11c
In base 16, what is -45 - 5?
-4a
In base 12, what is 2 + 437?
439
In base 10, what is -2 + 1224?
1222
In base 11, what is 21 + 2?
23
In base 13, what is -1 - 84?
-85
In base 7, what is 10 - 123?
-113
In base 4, what is 123203 - 3?
123200
In base 3, what is -112112 + -11?
-112200
In base 6, what is 115 - 224?
-105
In base 6, what is 222 + 155?
421
In base 3, what is 2 - 22120?
-22111
In base 2, what is -1000 + -1000110001?
-1000111001
In base 9, what is -5 + -12536?
-12542
In base 10, what is 0 - 2146?
-2146
In base 9, what is 16 + -184?
-167
In base 16, what is 23b - 5?
236
In base 5, what is -4 + -442?
-1001
In base 5, what is -113 - -10?
-103
In base 10, what is -67 - -3?
-64
In base 7, what is -5 - -212?
204
In base 13, what is 227 - -1?
228
In base 5, what is 10 - -403?
413
In base 2, what is -101101 + 1?
-101100
In base 10, what is -21 - 0?
-21
In base 5, what is 10 - 1233?
-1223
In base 9, what is -2175 + 5?
-2170
In base 14, what is 0 - -39?
39
In base 7, what is -102 + -4?
-106
In base 8, what is -2 + -1772?
-1774
In base 9, what is 470 - -75?
555
In base 16, what is -f48 - 4?
-f4c
In base 8, what is 13 + 465?
500
In base 16, what is -48 + -29?
-71
In base 4, what is -2312 + -103?
-3021
In base 14, what is -176 + 3?
-173
In base 4, what is -21300 + -12?
-21312
In base 3, what is 10210 - -1?
10211
In base 4, what is 2 - -1331?
1333
In base 2, what is -110000000 + -10?
-110000010
In base 7, what is -6 + -11?
-20
In base 4, what is 22131 + -31?
22100
In base 14, what is -2 - 36?
-38
In base 10, what is -37 + 28?
-9
In base 8, what is 1 + -4401?
-4400
In base 12, what is -10 + 15?
5
In base 5, what is -20301 - 2?
-20303
In base 11, what is -9 + 28?
1a
In base 14, what is 50 + c?
5c
In base 4, what is -13331 - 2?
-13333
In base 11, what is 1 + -28?
-27
In base 3, what is -101200100 - -2?
-101200021
In base 3, what is 110 - -12021?
12201
In base 3, what is -1110001 - 1?
-1110002
In base 2, what is 100101 - 1011011000?
-1010110011
In base 16, what is 2b - 1?
2a
In base 3, what is 20222 + 21?
21020
In base 15, what is 0 - -66?
66
In base 13, what is 46b6 + 3?
46b9
In base 3, what is 2112 - 1?
2111
In base 5, what is -10 - -121?
111
In base 14, what is -56 - -7?
-4d
In base 16, what is -2 - -26?
24
In base 6, what is -3 + 13225?
13222
In base 13, what is 4 - -28?
2c
In base 9, what is -14 + -64?
-78
In base 12, what is 87 + 1?
88
In base 16, what is 53 - -4?
57
In base 16, what is 4 + 5?
9
In base 2, what is -10 - -1110010?
1110000
In base 16, what is -69 + 1?
-68
In base 5, what is -1 + -4?
-10
In base 16, what is 0 + -38?
-38
In base 6, what is -3241 + 1?
-3240
In base 16, what is 6ed + -3?
6ea
In base 4, what is 113 + 131?
310
In base 12, what is 1 - 5457?
-5456
In base 15, what is -94 - a?
-9e
In base 13, what is 1a8 - -2?
1aa
In base 11, what is 2838 + -2?
2836
In base 11, what is -235 + -1?
-236
In base 8, what is -3 + 122?
117
In base 13, what is 0 + -346?
-346
In base 7, what is 2 - -55?
60
In base 16, what is -3 + 1c?
19
In base 16, what is -187 - a?
-191
In base 12, what is -8b - 4?
-93
In base 4, what is 10 - -221?
231
In base 9, what is -15 + -30?
-45
In base 3, what is -1100 + 100111?
22011
In base 10, what is 15 + 16?
31
In base 4, what is -32 - -11331?
11233
In base 16, what is 2 + -c?
-a
In base 2, what is 100 - -10010101?
10011001
In base 4, what is 103 - -111?
220
In base 8, what is -1 - -200?
177
In base 9, what is -20242 + -4?
-20246
In base 13, what is -2 - -2a5?
2a3
In base 10, what is -3 - 278?
-281
In base 3, what is -12 + -2201?
-2220
In base 10, what is 3 - -391?
394
In base 4, what is 3 + -31?
-22
In base 7, what is -52 + 246?
164
In base 7, what is -32 - -3?
-26
In base 3, what is -2 + 10210222?
10210220
In base 5, what is 2 - -3342?
3344
In base 9, what is -4 + 458?
454
In base 16, what is 198 - -1?
199
In base 12, what is 1 + -4929?
-4928
In base 15, what is -5 - 4b?
-51
In base 3, what is 220220 - -1?
220221
In base 2, what is 10110 + -10101?
1
In base 11, what is -1 - 937?
-938
In base 12, what is b + 83?
92
In base 4, what is 0 + 133102?
133102
In base 11, what is 165 + -128?
38
In base 10, what is -29 - -5?
-24
In base 2, what is 10100001 - 0?
10100001
In base 4, what is 10031 + -11?
10020
In base 13, what is 4 - ca3?
-c9c
In base 10, what is -3 - -676?
673
In base 5, what is -220 + -3?
-223
In base 5, what is -10 - -21240?
21230
In base 8, what is -2 - -5066?
5064
In base 6, what is 21 - -14?
35
In base 11, what is 4 + 2897?
28a0
In base 7, what is -16 - 1006?
-1025
In base 8, what is -25 + -27?
-54
In base 15, what is -6 + 1e0?
1d9
In base 2, what is 101110 - 0?
101110
In base 3, what is -10200 + -1220?
-12120
In base 6, what is 3 - -34?
41
In base 10, what is 28 - 2?
26
In base 15, what is 22 - -123?
145
In base 10, what is -29 + 12?
-17
In base 4, what is -10 - -203?
133
In base 10, what is 1 - -58?
59
In base 16, what is -2ed + 3?
-2ea
In base 5, what is -2 + -14341?
-14343
In base 5, what is 303 - -4?
312
In base 6, what is -12552 + 4?
-12544
In base 4, what is 2021 + -10?
2011
In base 12, what is 2 + -81?
-7b
In base 9, what is 153 + 16?
170
In base 14, what is -4 - -68?
64
In base 8, what is 6 + -1111?
-1103
In base 15, what is b - -9a?
a6
In base 9, what is 107 + 161?
268
In base 14, what is -2 - -28?
26
In base 15, what is 4 + 23?
27
In base 4, what is -2022 - 12?
-2100
In base 9, what is -116 - -3?
-113
In base 4, what is 1 + 131?
132
In base 14, what is ba - 1?
b9
In base 16, what is -10fd + 4?
-10f9
In base 6, what is -121 - 2?
-123
In base 12, what is 4 + 14?
18
In base 2, what is -10011000 - 0?
-10011000
In base 10, what is -5 - -139?
134
In base 7, what is 0 + -111?
-111
In base 11, what is 8 + -846?
-839
In base 5, what is -31141 + 14?
-31122
In base 6, what is -15 - -14?
-1
In base 12, what is 5 - -3a5?
3aa
In base 10, what is 2572 + -2?
2570
In base 16, what is 97 - 2?
95
In base 15, what is 44 + 278?
2bc
In base 6, what is 0 + 201?
201
In base 5, what is 314 - 10?
304
In base 5, what is 123221 + 4?
123230
In base 8, what is 5 - 6?
-1
In base 8, what is 20 - 56?
-36
In base 8, what is -5461 - 1?
-5462
In base 9, what is 5 - 271?
-265
In base 2, what is -1100101011 - 11?
-1100101110
In base 15, what is -5 - -1ec7?
1ec2
In base 16, what is 1a6 - -5?
1ab
In base 6, what is -514 + -43?
-1001
In base 11, what is -120 - -1?
-11a
In base 6, what is -1 + -15113?
-15114
In base 8, what is 1336 - -6?
1344
In base 2, what is -10001000 - -101?
-10000011
In base 16, what is 302 + -2?
300
In base 7, what is 55 + 34?
122
In base 10, what is 4 - 5072?
-5068
In base 4, what is -2 + 31?
23
In base 8, what is 10 + -100?
-70
In base 15, what is e - 39?
-2a
In base 15, what is -3b9 - 4?
-3bd
In base 10, what is -5 + -26?
-31
In base 4, what is 1003 + -121?
222
In base 11, what is -35 + -3?
-38
In base 14, what is 19d7 - -3?
19da
In base 9, what is 11572 - -4?
11576
In base 5, what is 20101 - -10?
20111
In base 7, what is -11 - -2?
-6
In base 11, what is 4003 - 3?
4000
In base 10, what is 3500 - -5?
3505
In base 12, what is -2 + 151?
14b
In base 7, what is -121 + 2?
-116
In base 12, what is 55 - -2?
57
In base 10, what is 261 + -10?
251
In base 7, what is -35530 + 5?
-35522
In base 14, what is 5 + 6d?
74
In base 16, what is 5 - 39?
-34
In base 10, what is 4 - -2?
6
In base 11, what is -70 - -1?
-6a
In base 13, what is 54 - -20?
74
In base 8, what is -10 + 4?
-4
In base 13, what is -2 - -915?
913
In base 7, what is -1 - 4533?
-4534
In base 12, what is 3a44 - 5